{"id":5788,"date":"2021-01-28T13:24:11","date_gmt":"2021-01-28T12:24:11","guid":{"rendered":"https:\/\/www.fina.ch\/a-propos-de-nous\/une-entreprise-au-bilan-co2-neutre\/"},"modified":"2021-10-19T10:07:39","modified_gmt":"2021-10-19T08:07:39","slug":"une-entreprise-au-bilan-co2-neutre","status":"publish","type":"page","link":"https:\/\/www.fina.ch\/fr\/a-propos-de-nous\/une-entreprise-au-bilan-co2-neutre\/","title":{"rendered":"Une entreprise au bilan CO2 neutre"},"content":{"rendered":"<p>Gr\u00e2ce \u00e0 l&#8217;aide de ClimatePartner Switzerland AG, notre entreprise est certifi\u00e9e climatiquement neutre.<\/p>\n<h3>En tant qu&#8217;entreprise, nous calculons notre impact en mati\u00e8re de CO2 :<\/h3>\n<ol>\n<li>Toutes les activit\u00e9s op\u00e9rationnelles directes<\/li>\n<li>Les sources de pollution indirectes, tels que la consommation d&#8217;\u00e9lectricit\u00e9 pour les ordinateurs et le chauffage des bureaux, qui g\u00e9n\u00e8rent \u00e9galement du CO2<\/li>\n<li>D\u00e9placement des employ\u00e9s pour se rendre au travail<\/li>\n<\/ol>\n<p>&nbsp;<\/p>\n<h3>Nous r\u00e9duisons nos \u00e9missions au maximum<\/h3>\n<p>Nos \u00e9missions CO2 peuvent \u00eatre r\u00e9duites par le biais de nombreuses petites actions.<\/p>\n<p>&nbsp;<\/p>\n<h3>Nous compensons<\/h3>\n<p>En ce qui concerne les \u00e9missions restantes, nous investissons dans une proportion identique dans le projet \u00e9cologiquesuivant:<\/p>\n<ul>\n<li>Mesures en faveur de la reforestation<\/li>\n<li>Investissement dans les \u00e9nergies renouvelables<\/li>\n<li>Projets de ClimatePartner Switzerland AG<\/li>\n<\/ul>\n<p>&nbsp;<\/p>\n<p>&nbsp;<\/p>\n","protected":false},"excerpt":{"rendered":"<p>Gr\u00e2ce \u00e0 l&#8217;aide de ClimatePartner Switzerland AG, notre entreprise est certifi\u00e9e climatiquement neutre. En tant qu&#8217;entreprise, nous calculons notre impact en mati\u00e8re de CO2 : Toutes les activit\u00e9s op\u00e9rationnelles directes Les sources de pollution indirectes, tels que la consommation d&#8217;\u00e9lectricit\u00e9 pour les ordinateurs et le chauffage des bureaux, qui g\u00e9n\u00e8rent \u00e9galement du CO2 D\u00e9placement des [&hellip;]<\/p>\n","protected":false},"author":6,"featured_media":0,"parent":5748,"menu_order":6,"comment_status":"closed","ping_status":"closed","template":"template-pagebuilder.php","meta":{"_acf_changed":false,"footnotes":""},"class_list":["post-5788","page","type-page","status-publish","hentry"],"acf":[],"yoast_head":"<!-- This site is optimized with the Yoast SEO Premium plugin v26.4 (Yoast SEO v26.4) - https:\/\/yoast.com\/wordpress\/plugins\/seo\/ -->\n<title>Une entreprise au bilan CO2 neutre - FINA Planification financi\u00e8re SA<\/title>\n<meta name=\"description\" content=\"La FINA est une entreprise au bilan climatique neutre. Nous r\u00e9duisons note charge et soutenons les projets destin\u00e9s \u00e0 r\u00e9duire les \u00e9missions de CO2. Notre bilan carbone est neutre.\" \/>\n<meta name=\"robots\" content=\"index, follow, max-snippet:-1, max-image-preview:large, max-video-preview:-1\" \/>\n<link rel=\"canonical\" href=\"https:\/\/www.fina.ch\/fr\/a-propos-de-nous\/une-entreprise-au-bilan-co2-neutre\/\" \/>\n<meta property=\"og:locale\" content=\"fr_FR\" \/>\n<meta property=\"og:type\" content=\"article\" \/>\n<meta property=\"og:title\" content=\"Une entreprise au bilan CO2 neutre\" \/>\n<meta property=\"og:description\" content=\"La FINA est une entreprise au bilan climatique neutre. Nous r\u00e9duisons note charge et soutenons les projets destin\u00e9s \u00e0 r\u00e9duire les \u00e9missions de CO2. Notre bilan carbone est neutre.\" \/>\n<meta property=\"og:url\" content=\"https:\/\/www.fina.ch\/fr\/a-propos-de-nous\/une-entreprise-au-bilan-co2-neutre\/\" \/>\n<meta property=\"og:site_name\" content=\"FINA Planification financi\u00e8re SA\" \/>\n<meta property=\"article:modified_time\" content=\"2021-10-19T08:07:39+00:00\" \/>\n<meta property=\"og:image\" content=\"https:\/\/www.fina.ch\/wp-content\/uploads\/2017\/10\/Steuern-optimieren-Web.jpg\" \/>\n\t<meta property=\"og:image:width\" content=\"1500\" \/>\n\t<meta property=\"og:image:height\" content=\"1001\" \/>\n\t<meta property=\"og:image:type\" content=\"image\/jpeg\" \/>\n<meta name=\"twitter:card\" content=\"summary_large_image\" \/>\n<meta name=\"twitter:label1\" content=\"Dur\u00e9e de lecture estim\u00e9e\" \/>\n\t<meta name=\"twitter:data1\" content=\"1 minute\" \/>\n<!-- \/ Yoast SEO Premium plugin. -->","yoast_head_json":{"title":"Une entreprise au bilan CO2 neutre - FINA Planification financi\u00e8re SA","description":"La FINA est une entreprise au bilan climatique neutre. Nous r\u00e9duisons note charge et soutenons les projets destin\u00e9s \u00e0 r\u00e9duire les \u00e9missions de CO2. Notre bilan carbone est neutre.","robots":{"index":"index","follow":"follow","max-snippet":"max-snippet:-1","max-image-preview":"max-image-preview:large","max-video-preview":"max-video-preview:-1"},"canonical":"https:\/\/www.fina.ch\/fr\/a-propos-de-nous\/une-entreprise-au-bilan-co2-neutre\/","og_locale":"fr_FR","og_type":"article","og_title":"Une entreprise au bilan CO2 neutre","og_description":"La FINA est une entreprise au bilan climatique neutre. Nous r\u00e9duisons note charge et soutenons les projets destin\u00e9s \u00e0 r\u00e9duire les \u00e9missions de CO2. Notre bilan carbone est neutre.","og_url":"https:\/\/www.fina.ch\/fr\/a-propos-de-nous\/une-entreprise-au-bilan-co2-neutre\/","og_site_name":"FINA Planification financi\u00e8re SA","article_modified_time":"2021-10-19T08:07:39+00:00","og_image":[{"width":1500,"height":1001,"url":"https:\/\/www.fina.ch\/wp-content\/uploads\/2017\/10\/Steuern-optimieren-Web.jpg","type":"image\/jpeg"}],"twitter_card":"summary_large_image","twitter_misc":{"Dur\u00e9e de lecture estim\u00e9e":"1 minute"},"schema":{"@context":"https:\/\/schema.org","@graph":[{"@type":"WebPage","@id":"https:\/\/www.fina.ch\/fr\/a-propos-de-nous\/une-entreprise-au-bilan-co2-neutre\/","url":"https:\/\/www.fina.ch\/fr\/a-propos-de-nous\/une-entreprise-au-bilan-co2-neutre\/","name":"Une entreprise au bilan CO2 neutre - FINA Planification financi\u00e8re SA","isPartOf":{"@id":"https:\/\/www.fina.ch\/fr\/#website"},"datePublished":"2021-01-28T12:24:11+00:00","dateModified":"2021-10-19T08:07:39+00:00","description":"La FINA est une entreprise au bilan climatique neutre. Nous r\u00e9duisons note charge et soutenons les projets destin\u00e9s \u00e0 r\u00e9duire les \u00e9missions de CO2. Notre bilan carbone est neutre.","breadcrumb":{"@id":"https:\/\/www.fina.ch\/fr\/a-propos-de-nous\/une-entreprise-au-bilan-co2-neutre\/#breadcrumb"},"inLanguage":"fr-FR","potentialAction":[{"@type":"ReadAction","target":["https:\/\/www.fina.ch\/fr\/a-propos-de-nous\/une-entreprise-au-bilan-co2-neutre\/"]}]},{"@type":"BreadcrumbList","@id":"https:\/\/www.fina.ch\/fr\/a-propos-de-nous\/une-entreprise-au-bilan-co2-neutre\/#breadcrumb","itemListElement":[{"@type":"ListItem","position":1,"name":"Home","item":"https:\/\/www.fina.ch\/fr\/"},{"@type":"ListItem","position":2,"name":"\u00c0 propos de nous","item":"https:\/\/www.fina.ch\/fr\/ueber-uns\/"},{"@type":"ListItem","position":3,"name":"Une entreprise au bilan CO2 neutre"}]},{"@type":"WebSite","@id":"https:\/\/www.fina.ch\/fr\/#website","url":"https:\/\/www.fina.ch\/fr\/","name":"FINA Planification financi\u00e8re SA","description":"Personnel - Durable - Transparent\nEnsemble, planifions le futur","publisher":{"@id":"https:\/\/www.fina.ch\/fr\/#organization"},"potentialAction":[{"@type":"SearchAction","target":{"@type":"EntryPoint","urlTemplate":"https:\/\/www.fina.ch\/fr\/?s={search_term_string}"},"query-input":{"@type":"PropertyValueSpecification","valueRequired":true,"valueName":"search_term_string"}}],"inLanguage":"fr-FR"},{"@type":"Organization","@id":"https:\/\/www.fina.ch\/fr\/#organization","name":"FINA Finanzplanung AG","url":"https:\/\/www.fina.ch\/fr\/","logo":{"@type":"ImageObject","inLanguage":"fr-FR","@id":"https:\/\/www.fina.ch\/fr\/#\/schema\/logo\/image\/","url":"https:\/\/www.fina.ch\/wp-content\/uploads\/2017\/10\/FINA_Logo_RGB.png","contentUrl":"https:\/\/www.fina.ch\/wp-content\/uploads\/2017\/10\/FINA_Logo_RGB.png","width":436,"height":631,"caption":"FINA Finanzplanung AG"},"image":{"@id":"https:\/\/www.fina.ch\/fr\/#\/schema\/logo\/image\/"}}]}},"_links":{"self":[{"href":"https:\/\/www.fina.ch\/fr\/wp-json\/wp\/v2\/pages\/5788","targetHints":{"allow":["GET"]}}],"collection":[{"href":"https:\/\/www.fina.ch\/fr\/wp-json\/wp\/v2\/pages"}],"about":[{"href":"https:\/\/www.fina.ch\/fr\/wp-json\/wp\/v2\/types\/page"}],"author":[{"embeddable":true,"href":"https:\/\/www.fina.ch\/fr\/wp-json\/wp\/v2\/users\/6"}],"replies":[{"embeddable":true,"href":"https:\/\/www.fina.ch\/fr\/wp-json\/wp\/v2\/comments?post=5788"}],"version-history":[{"count":0,"href":"https:\/\/www.fina.ch\/fr\/wp-json\/wp\/v2\/pages\/5788\/revisions"}],"up":[{"embeddable":true,"href":"https:\/\/www.fina.ch\/fr\/wp-json\/wp\/v2\/pages\/5748"}],"wp:attachment":[{"href":"https:\/\/www.fina.ch\/fr\/wp-json\/wp\/v2\/media?parent=5788"}],"curies":[{"name":"wp","href":"https:\/\/api.w.org\/{rel}","templated":true}]}}

<p>Grâce à l&#8217;aide de ClimatePartner Switzerland AG, notre entreprise est certifiée climatiquement neutre.</p>
<h3>En tant qu&#8217;entreprise, nous calculons notre impact en matière de CO2 :</h3>
<ol>
<li>Toutes les activités opérationnelles directes</li>
<li>Les sources de pollution indirectes, tels que la consommation d&#8217;électricité pour les ordinateurs et le chauffage des bureaux, qui génèrent également du CO2</li>
<li>Déplacement des employés pour se rendre au travail</li>
</ol>
<p>&nbsp;</p>
<h3>Nous réduisons nos émissions au maximum</h3>
<p>Nos émissions CO2 peuvent être réduites par le biais de nombreuses petites actions.</p>
<p>&nbsp;</p>
<h3>Nous compensons</h3>
<p>En ce qui concerne les émissions restantes, nous investissons dans une proportion identique dans le projet écologiquesuivant:</p>
<ul>
<li>Mesures en faveur de la reforestation</li>
<li>Investissement dans les énergies renouvelables</li>
<li>Projets de ClimatePartner Switzerland AG</li>
</ul>
<p>&nbsp;</p>
<p>&nbsp;</p>

<p>Grâce à l&#8217;aide de ClimatePartner Switzerland AG, notre entreprise est certifiée climatiquement neutre. En tant qu&#8217;entreprise, nous calculons notre impact en matière de CO2 : Toutes les activités opérationnelles directes Les sources de pollution indirectes, tels que la consommation d&#8217;électricité pour les ordinateurs et le chauffage des bureaux, qui génèrent également du CO2 Déplacement des [&hellip;]</p>

<!-- This site is optimized with the Yoast SEO Premium plugin v26.4 (Yoast SEO v26.4) - https://yoast.com/wordpress/plugins/seo/ -->
<title>Une entreprise au bilan CO2 neutre - FINA Planification financière SA</title>
<meta name="description" content="La FINA est une entreprise au bilan climatique neutre. Nous réduisons note charge et soutenons les projets destinés à réduire les émissions de CO2. Notre bilan carbone est neutre." />
<meta name="robots" content="index, follow, max-snippet:-1, max-image-preview:large, max-video-preview:-1" />
<link rel="canonical" href="https://www.fina.ch/fr/a-propos-de-nous/une-entreprise-au-bilan-co2-neutre/" />
<meta property="og:locale" content="fr_FR" />
<meta property="og:type" content="article" />
<meta property="og:title" content="Une entreprise au bilan CO2 neutre" />
<meta property="og:description" content="La FINA est une entreprise au bilan climatique neutre. Nous réduisons note charge et soutenons les projets destinés à réduire les émissions de CO2. Notre bilan carbone est neutre." />
<meta property="og:url" content="https://www.fina.ch/fr/a-propos-de-nous/une-entreprise-au-bilan-co2-neutre/" />
<meta property="og:site_name" content="FINA Planification financière SA" />
<meta property="article:modified_time" content="2021-10-19T08:07:39+00:00" />
<meta property="og:image" content="https://www.fina.ch/wp-content/uploads/2017/10/Steuern-optimieren-Web.jpg" />
	<meta property="og:image:width" content="1500" />
	<meta property="og:image:height" content="1001" />
	<meta property="og:image:type" content="image/jpeg" />
<meta name="twitter:card" content="summary_large_image" />
<meta name="twitter:label1" content="Durée de lecture estimée" />
	<meta name="twitter:data1" content="1 minute" />
<!-- / Yoast SEO Premium plugin. -->

Une entreprise au bilan CO2 neutre - FINA Planification financière SA

La FINA est une entreprise au bilan climatique neutre. Nous réduisons note charge et soutenons les projets destinés à réduire les émissions de CO2. Notre bilan carbone est neutre.

FINA Planification financière SA

À propos de nous
